is the tens digit of 27449?
4
What is the tens digit of 48716?
1
What is the thousands digit of 14239?
4
What is the tens digit of 610?
1
What is the tens digit of 17989?
8
What is the hundreds digit of 561?
5
What is the tens digit of 475?
7
What is the hundreds digit of 65487?
4
What is the ten thousands digit of 56452?
5
What is the units digit of 524?
4
What is the units digit of 20823?
3
What is the hundreds digit of 311?
3
What is the hundreds digit of 5177?
1
What is the units digit of 10142?
2
What is the hundreds digit of 4504?
5
What is the thousands digit of 2139?
2
What is the hundreds digit of 120?
1
What is the tens digit of 347?
4
What is the units digit of 2172?
2
What is the units digit of 3230?
0
What is the tens digit of 103100?
0
What is the thousands digit of 2161?
2
What is the units digit of 3432?
2
What is the tens digit of 126?
2
What is the tens digit of 8157?
5
What is the hundreds digit of 70731?
7
What is the units digit of 66746?
6
What is the hundreds digit of 1056?
0
What is the thousands digit of 22739?
2
What is the tens digit of 5807?
0
What is the units digit of 3573?
3
What is the thousands digit of 3692?
3
What is the thousands digit of 24290?
4
What is the units digit of 2869?
9
What is the tens digit of 102878?
7
What is the thousands digit of 5968?
5
What is the thousands digit of 1240?
1
What is the thousands digit of 6246?
6
What is the tens digit of 4592?
9
What is the units digit of 347?
7
What is the tens digit of 47761?
6
What is the units digit of 630?
0
What is the thousands digit of 13627?
3
What is the ten thousands digit of 66839?
6
What is the units digit of 71948?
8
What is the hundreds digit of 900?
9
What is the tens digit of 883?
8
What is the units digit of 470?
0
What is the hundreds digit of 48714?
7
What is the thousands digit of 3165?
3
What is the units digit of 162?
2
What is the units digit of 31065?
5
What is the hundreds digit of 506?
5
What is the thousands digit of 46508?
6
What is the units digit of 520?
0
What is the tens digit of 3323?
2
What is the units digit of 11197?
7
What is the thousands digit of 6567?
6
What is the tens digit of 117648?
4
What is the tens digit of 8147?
4
What is the hundreds digit of 17447?
4
What is the hundreds digit of 15538?
5
What is the thousands digit of 39022?
9
What is the hundreds digit of 1485?
4
What is the units digit of 8653?
3
What is the thousands digit of 3995?
3
What is the units digit of 505?
5
What is the thousands digit of 21634?
1
What is the thousands digit of 11623?
1
What is the units digit of 47?
7
What is the hundreds digit of 6068?
0
What is the units digit of 9074?
4
What is the tens digit of 855?
5
What is the units digit of 9244?
4
What is the units digit of 2658?
8
What is the units digit of 97597?
7
What is the units digit of 56424?
4
What is the ten thousands digit of 12763?
1
What is the thousands digit of 129281?
9
What is the tens digit of 650?
5
What is the hundreds digit of 32323?
3
What is the tens digit of 51524?
2
What is the hundreds digit of 135?
1
What is the thousands digit of 12683?
2
What is the units digit of 2455?
5
What is the units digit of 13960?
0
What is the units digit of 35626?
6
What is the units digit of 22191?
1
What is the units digit of 1?
1
What is the tens digit of 3939?
3
What is the tens digit of 74021?
2
What is the units digit of 27325?
5
What is the thousands digit of 26172?
6
What is the units digit of 6340?
0
What is the ten thousands digit of 12218?
1
What is the ten thousands digit of 26285?
2
What is the thousands digit of 3503?
3
What is the tens digit of 573?
7
What is the thousands digit of 5874?
5
What is the tens digit of 230?
3
What is the hundreds digit of 4005?
0
What is the tens digit of 1218?
1
What is the tens digit of 4906?
0
What is the units digit of 3417?
7
What is the hundreds digit of 21482?
4
What is the units digit of 26175?
5
What is the units digit of 4755?
5
What is the hundreds digit of 5529?
5
What is the units digit of 10971?
1
What is the units digit of 16859?
9
What is the tens digit of 1236?
3
What is the tens digit of 37261?
6
What is the thousands digit of 89797?
9
What is the thousands digit of 38676?
8
What is the tens digit of 2074?
7
What is the tens digit of 11765?
6
What is the units digit of 25336?
6
What is the tens digit of 2197?
9
What is the thousands digit of 4352?
4
What is the hundreds digit of 424?
4
What is the tens digit of 2607?
0
What is the hundreds digit of 1931?
9
What is the ten thousands digit of 35844?
3
What is the thousands digit of 88492?
8
What is the tens digit of 75?
7
What is the hundreds digit of 25495?
4
What is the units digit of 2567?
7
What is the tens digit of 1591?
9
What is the units digit of 37123?
3
What is the tens digit of 5518?
1
What is the tens digit of 1928?
2
What is the units digit of 1662?
2
What is the tens digit of 46?
4
What is the ten thousands digit of 46300?
4
What is the thousands digit of 8382?
8
What is the thousands digit of 81606?
1
What is the tens digit of 30702?
0
What is the thousands digit of 1209?
1
What is the hundreds digit of 583?
5
What is the tens digit of 1473?
7
What is the units digit of 2119?
9
What is the thousands digit of 9541?
9
What is the thousands digit of 79800?
9
What is the hundreds digit of 603?
6
What is the thousands digit of 1069?
1
What is the units digit of 21974?
4
What is the tens digit of 437?
3
What is the units digit of 3182?
2
What is the tens digit of 35?
3
What is the hundreds digit of 31857?
8
What is the thousands digit of 8501?
8
What is the thousands digit of 17582?
7
What is the units digit of 468?
8
What is the units digit of 14752?
2
What is the tens digit of 505?
0
What is the tens digit of 2643?
4
What is the thousands digit of 2148?
2
What is the thousands digit of 66942?
6
What is the units digit of 58223?
3
What is the thousands digit of 2139?
2
What is the hundreds digit of 1620?
6
What is the tens digit of 326?
2
What is the units digit of 34632?
2
What is the hundreds digit of 6218?
2
What is the hundreds digit of 1754?
7
What is the hundreds digit of 1140?
1
What is the tens digit of 402?
0
What is the units digit of 15951?
1
What is the hundreds digit of 22864?
8
What is the thousands digit of 3777?
3
What is the units digit of 1667?
7
What is the thousands digit of 3316?
3
What is the hundreds digit of 11009?
0
What is the units digit of 992?
2
What is the units digit of 2187?
7
What is the hundreds digit of 229?
2
What is the thousands digit of 1067?
1
What is the units digit of 28045?
5
What is the units digit of 6345?
5
What is the hundreds digit of 1771?
7
What is the hundreds digit of 2709?
7
What is the ten thousands digit of 21818?
2
What is the units digit of 5608?
8
What is the tens digit of 6445?
4
What is the hundreds digit of 2012?
0
What is the units digit of 312?
2
What is the tens digit of 2095?
9
What is the hundreds digit of 3053?
0
What is the thousands digit of 20555?
0
What is the hundreds digit of 1054?
0
What is the thousands digit of 38770?
8
What is the hundreds digit of 14482?
4
What is the units digit of 747?
7
What is the units digit of 965?
5
What is the tens digit of 4767?
6
What is the tens digit of 6459?
5
What is the thousands digit of 8018?
8
What is the units digit of 23879?
9
What is the thousands digit of 68261?
8
What is the hundreds digit of 72120?
1
What is the units digit of 16784?
4
What is the hundreds digit of 2914?
9
What is the hundreds digit of 101?
1
What is the units digit of 298?
8
What is the hundreds digit of 287?
2
What is the units digit of 434?
4
What is the hundreds digit of 6340?
3
What is the ten thousands digit of 14559?
1
What is the units digit of 960?
0
What is the tens digit of 10415?
1
What is the units digit of 108?
8
What is the ten thousands digit of 23877?
2
What is the tens digit of 825?
2
What is the thousands digit of 7566?
7
What is the hundreds digit of 1008?
0
What is the hundreds digit of 59429?
4
What is the tens digit of 2268?
6
What is the tens digit of 4212?
1
What is the tens digit of 5894?
9
What is the hundreds digit of 3806?
8
What is the hundreds digit of 45429?
4
What is the tens digit of 3234?
3
What is the hundreds digit of 5590?
5
What is